hen q is divided by 185?
10
Let h(y) = -45*y**3 + y**2. Let z(q) = -167*q - 1660. What is the remainder when h(-1) is divided by z(-10)?
6
Suppose -o + t = -38, o + 2*t + 24 = 59. What is the remainder when 261 is divided by o?
2
Let d(z) = -z**3 + 25*z**2 + 53*z + 35. Suppose -135 = r - 6*r. What is the remainder when ((-26)/(-6))/(9/27) is divided by d(r)?
5
Suppose -2030 = 4*o + 3*f - 368, 2*o - 5*f = -844. Let j = -294 - o. What is the remainder when j is divided by 9?
6
Let q = 278 + -164. Let d = q - 71. Let g = d + 41. Calculate the remainder when g is divided by 17.
16
Let r be ((-15)/(-9))/(1/12). Let g = 27 - r. Calculate the remainder when 365/15 + (-24)/(-9) + -2 is divided by g.
4
Let h be 40/15 + 4 + 25/(-15). Calculate the remainder when 328 is divided by h*18/(-12)*2/(-1).
13
Suppose 2*r + r = 15. Suppose -4*z = -2*y - 2694, 5*z + 0*y - 3365 = 5*y. Suppose -251 = -r*x + z. Calculate the remainder when x is divided by 11.
9
Calculate the remainder when 416 is divided by (2/(-6))/((-72)/1134)*5*4.
101
Let d(f) = 74*f + 2. Calculate the remainder when d(4) is divided by ((-228)/30)/(5*4/(-200)).
70
Suppose -5*c + 3400 = 2*s, 3*c + 300 = 312. Calculate the remainder when s is divided by 21.
10
Calculate the remainder when (-1258)/(-14) + 2/14 - (-1 - -8) is divided by 4.
3
Suppose -b = -5*b + 20. Let d(z) = -z**2 - 11*z. Let v be (6/(-4))/((-3)/(-16)). Calculate the remainder when d(v) is divided by b.
4
Let p(i) = 7*i + 39. Let t be p(-5). Suppose -t*m + 17 = 4*v - m, -3*v + 3*m = -39. Let k(s) = -9*s + 3. Calculate the remainder when k(-2) is divided by v.
5
Let s be (-8)/(-3)*(12 + -24). Let j(d) = d**3 + 31*d**2 - 33*d - 27. What is the remainder when 26 is divided by j(s)?
1
Let t = 32 - 78. Let f = t + 33. Let g(y) = y**2 + 10*y - 9. What is the remainder when 117 is divided by g(f)?
27
Let p = -21754 - -21916. Calculate the remainder when 823 is divided by p.
13
Let t(h) = -h + 33. Calculate the remainder when 104 is divided by t(17).
8
Let g(j) = j**3 + 64*j**2 + 238*j + 439. What is the remainder when g(-60) is divided by 53?
29
Suppose h + 65 - 19 = 0. Let z = 132 + h. Calculate the remainder when z is divided by 30.
26
Let f(r) = -20*r + 435. What is the remainder when 2040 is divided by f(18)?
15
Calculate the remainder when (-19168)/(-96) + 7 + -1 + (-6)/9 is divided by 69.
67
Suppose 3*x + q = -506, 0 = -2*x + 4*x + q + 336. Calculate the remainder when (x + 3)*(0 - 4) is divided by 10.
8
Let g = 31 - 20. Let m be 245*5/(125/15). Suppose -a + 33 = 2*x, -8*x = 4*a - 3*x - m. Calculate the remainder when a is divided by g.
10
Let l(z) = -3*z**2 - 151*z + 80. Calculate the remainder when 296 is divided by l(-49).
20
Suppose -3*i + 3 = -3*m, 2*i + 2*m = -7 - 11. What is the remainder when 406/8 - (-6)/24 is divided by 24/(i/((-16)/(-6)) + 3)?
3
Suppose 0 = -0*f + 5*f - 235. Let i = -307 + 281. Let n(p) = -p**3 - 24*p**2 + 52*p + 16. Calculate the remainder when f is divided by n(i).
15
Suppose 1745*w = -5*t + 1741*w + 379, -t + 4*w + 95 = 0. What is the remainder when t is divided by 65?
14
Let f(t) = 2*t**3 + t**2 + t + 4. Let p be f(-2). What is the remainder when 188 is divided by (-388)/p + 44/(-55)?
36
Let v(h) = -639*h + 9113. What is the remainder when v(14) is divided by 3?
2
Suppose -4*k = -13*n + 14*n - 191, -4*n + 674 = -2*k. Calculate the remainder when 10429 is divided by n.
169
Suppose -4559*r = -4573*r + 1974. What is the remainder when 295 is divided by r?
13
Let j = -1112 - -1367. What is the remainder when j is divided by 49?
10
Suppose -r - 17*c = -19*c - 86, 5*c = -r + 121. Calculate the remainder when 749 is divided by r.
77
Let m = -2876 - -4441. Suppose -7*r + 668 = -m. What is the remainder when r is divided by 23?
20
Let h(l) = 108*l + 4119. What is the remainder when 3139 is divided by h(-38)?
4
Suppose 6*k = -24*k + 60. Suppose 8*j + 31 = k*u + 5*j, -61 = -2*u - 3*j. Suppose 0 = -4*z + 38 - 6. Calculate the remainder when u is divided by z.
7
Suppose 0 = t - 1200 - 80. Suppose 8*v + 12*v = t. What is the remainder when 191 is divided by v?
63
Let x(g) = 10*g**2 + 37 - 2*g**3 - 41*g**2 + 3*g**2 + g. Calculate the remainder when 251 is divided by x(-14).
21
Suppose 0 = -15*p + 673 - 103. Suppose -p*q + 104 + 10 = 0. Calculate the remainder when 49 is divided by q.
1
Suppose -5*r + 629 = 6*b, 5*b - 5*r - 549 = -89. Calculate the remainder when 5146 is divided by b.
97
Let h be (-9451)/(-78) + 4/(-24). Let p = 45 + h. Calculate the remainder when p is divided by 14.
12
Suppose 110 = -b + 2*b - 4*j, 2*b - 4*j = 200. Let a(r) = -13*r + 1. Let p be a(-7). Suppose 0 = 4*f - 32 - p. Calculate the remainder when b is divided by f.
28
Suppose 63 = 4*s - 5*c, -3*s + 2*c + 55 = 6*c. What is the remainder when s is divided by 13?
4
What is the remainder when 525 is divided by 23513/196 + (-31)/(-868)?
45
Suppose -r + 2*k = 3*r - 34, -4*k = 2*r - 12. Suppose -o = -9 - r. Let y = -27 + 32. Calculate the remainder when o is divided by y.
2
Suppose 5*x - 5*q = 545, 0*x + 2*q = 5*x - 548. What is the remainder when 1097 is divided by x?
107
Suppose -24 = -4*l, 2*x + 396*l - 398*l = 2110. What is the remainder when x is divided by 308?
137
Suppose -3*h = 2*z + 93, -49 = 2*h - z + 20. Suppose 3*n - 23 = 2*m, 5*n - m + 6 - 42 = 0. Calculate the remainder when n - 9 - h/1 is divided by 8.
7
Suppose -3*h - 440 = -4*u, -3*u - 3*h = -123 - 186. Suppose -3*j + 966 = -r, 2*j - r = 752 - u. What is the remainder when j is divided by 82?
75
Calculate the remainder when 35/(-315) + 69052/36 is divided by 40.
38
What is the remainder when (-18)/(-42) - (-3382)/14 is divided by (-1466)/(-30) + 70/525?
46
Let l(x) = -3*x**3 + 110*x**2 + 153*x - 28. What is the remainder when 373 is divided by l(38)?
3
Let w(p) = p**3 + 8*p**2 + p - 5. Let f be w(-7). Let z = 117 - f. Suppose -21 = 2*a - 3*a. Calculate the remainder when z is divided by a.
17
Let y be -4 + 876/(-1 - 1). Let x = -399 - y. What is the remainder when x is divided by 26 + 1*(-1 + 0)?
18
Let c = -14 - -39. Suppose -8*v + 217 = c. Suppose v = -w + 27. What is the remainder when 7 is divided by w?
1
Let f = -7602 + 8038. Calculate the remainder when f is divided by 131.
43
Calculate the remainder when 3301 is divided by 6/57 - (-8 + (-36788)/323).
7
Let c(l) = -13*l**3 - 89*l**2 - 14*l + 13. What is the remainder when 222 is divided by c(-7)?
13
Calculate the remainder when -40 + 36 - (2 - 74) is divided by ((-88)/32)/((-3 - -6)/(-36)).
2
Let u(r) = -4*r + 47. Let d be u(-25). Let s = d - 124. Calculate the remainder when 82 is divided by s.
13
Suppose -5*o = -0*o - 235. Let u(b) = -598*b + 20456. What is the remainder when u(34) is divided by o?
30
Let t(q) = q**2 - 17*q + 4. Let d be t(17). Suppose d*s = 2*s - j + 11, -3*s - j = -16. Let v(k) = 23*k - 10. What is the remainder when v(s) is divided by 36?
33
Suppose -17*n = 1227 - 8656. Let w = n - 378. What is the remainder when w is divided by 23?
13
Let n be (52 - 4)/(3 + 58/(-18)). Let f = -144 - n. Calculate the remainder when f is divided by 354/14 - (-6)/(-21).
22
Let b(m) = -248*m**2 - m. Let i be b(1). Let h = i - -261. Let x(n) = 3*n**2 + 8. Calculate the remainder when x(-7) is divided by h.
11
Suppose -3759 = -14*c + 4865. Suppose 10*p + 176 = c. What is the remainder when p is divided by 7?
2
Let l = 6998 + -6755. Calculate the remainder when l is divided by 32.
19
Let y(x) = 5*x**2 + 88*x + 251. Calculate the remainder when 248 is divided by y(-3).
24
Let f(p) = -p**2 + 0*p - 2*p - 7 + 2*p**2. Let o = -137 + 131. What is the remainder when f(o) is divided by 22?
19
Suppose -2*t - 5*p = -993, 0*t + 1962 = 4*t + 2*p. What is the remainder when t is divided by 35?
34
Let n(r) = -83*r + 2. What is the remainder when n(-2) is divided by ((-240)/(-150))/((-2982)/1505 + 2)?
82
Let k = 1615 + -1071. Let u = -430 + k. What is the remainder when 338 is divided by u?
110
Let a be 1/1 + 3 + 0. Let i(p) = 3*p**2 - 9*p + 19. Let w = 13 - 2. Calculate the remainder when i(a) is divided by w.
9
Let z = 22 + 12. Let b = z - -104. Suppose i + 3*o = 3*i - 138, 2*i - b = -o. What is the remainder when i is divided by 18?
15
Suppose -4*n = 5*y - 380, -y + 0 = -4*n + 404. Suppose 2*x - n = -2*x. What is the remainder when